{"id":115,"date":"2024-03-20T19:48:56","date_gmt":"2024-03-20T18:48:56","guid":{"rendered":"https:\/\/www.lamaisondelilie.fr\/?page_id=115"},"modified":"2025-02-24T07:35:49","modified_gmt":"2025-02-24T06:35:49","slug":"le-fonctionnement-chez-nounou","status":"publish","type":"page","link":"https:\/\/www.lamaisondelilie.fr\/index.php\/le-fonctionnement-chez-nounou\/","title":{"rendered":"Le fonctionnement chez Nounou"},"content":{"rendered":"\n<ul class=\"wp-block-list\">\n<li><strong><\/strong><strong><u>Le premier contact<\/u><\/strong><\/li>\n<\/ul>\n\n\n\n<p>C\u2019est souvent au \u00ab&nbsp;feeling&nbsp;\u00bb que les choses se passent ! Si tout s\u2019est bien pass\u00e9&nbsp;entre nous dans les premiers \u00e9changes (t\u00e9l\u00e9phone\/mail\/sms) et si ce que vous recherchez correspond \u00e9galement \u00e0 mes attentes et mes disponibilit\u00e9s, je vous propose une premi\u00e8re rencontre \u00e0 mon domicile. Cet entretien est important car c\u2019est lors de celui-ci que nous pourrons faire plus ample connaissance. Ce rendez-vous permet d\u2019aborder les demandes des parents (planning, attentes \u00e9ducatives, alimentation \u2026) et de conna\u00eetre le mode de fonctionnement de l\u2019assistante maternelle (projet d\u2019accueil, autres enfants en garde, activit\u00e9s, visite du lieu d\u2019habitation \u2026) afin de voir si tout cela est compatible. Pour que tout se passe pour le mieux entre les parents et nounou, et donc pour le bien-\u00eatre des enfants, il est primordial que les choses soient dites tr\u00e8s clairement d\u00e8s le d\u00e9part.<\/p>\n\n\n\n<p>A l\u2019issue de cet \u00e9change, nous nous laisserons un petit temps de r\u00e9flexion (quelques jours) avant de donner une r\u00e9ponse, positive ou n\u00e9gative, pour la garde de l\u2019enfant. Si nous d\u00e9cidons de travailler ensemble, un engagement r\u00e9ciproque devra \u00eatre \u00e9tabli et sign\u00e9. C\u2019est une promesse d\u2019embauche de la part du futur parent employeur et une promesse d\u2019accueil de son enfant de la part de l\u2019assistante maternelle. La place pour la garde de l\u2019enfant est alors bloqu\u00e9e par les deux parties. Si finalement, l\u2019une des parties d\u00e9cide de ne pas donner suite \u00e0 cet accord, elle versera \u00e0 l\u2019autre une indemnit\u00e9 forfaitaire compensatrice calcul\u00e9e sur la base d\u2019un demi-mois de salaire BRUT par rapport au temps d\u2019accueil pr\u00e9vu. Puis, un contrat de travail et d&rsquo;accueil entre particulier employeur et assistante maternelle devra \u00eatre \u00e9tabli et sera sign\u00e9 le premier jour d\u2019accueil de l\u2019enfant.<\/p>\n\n\n\n<ul class=\"wp-block-list\">\n<li><strong><\/strong><strong><u>L\u2019adaptation<\/u><\/strong><\/li>\n<\/ul>\n\n\n\n<p>L\u2019arriv\u00e9e d\u2019un enfant se pr\u00e9pare et il est n\u00e9cessaire de faire une p\u00e9riode d\u2019adaptation. Elle est r\u00e9alis\u00e9e pour que l\u2019enfant s\u2019habitue au nouvel environnement, \u00e0 la personne qui va prendre soin de lui et aux autres enfants qu\u2019il va c\u00f4toyer mais aussi pour que les parents et l\u2019assistante maternelle apprennent \u00e0 se conna\u00eetre. C\u2019est pendant cette p\u00e9riode que je vais apprendre \u00e0 m\u2019occuper de leur enfant suivant ses n\u00e9cessit\u00e9s, car chaque enfant est unique et a des besoins diff\u00e9rents.<\/p>\n\n\n\n<p>Le planning de l\u2019adaptation sera \u00e9tabli avec les parents en fonction leurs disponibilit\u00e9s en tenant compte de leur planning professionnel mais aussi et surtout, selon le comportement de l\u2019enfant. Nous verrons si la s\u00e9paration est difficile \u00e0 vivre pour lui, ou au contraire, s\u2019il s\u2019adapte vite et bien \u00e0 son nouvel environnement.&nbsp; Elle peut se faire rapidement si tout se passe pour le mieux, mais peut \u00eatre plus longue et plus \u00e9chelonn\u00e9e si l\u2019enfant en a besoin pour se sentir \u00e0 l\u2019aise et en confiance.<\/p>\n\n\n\n<p>Durant cette p\u00e9riode, toutes heures de pr\u00e9sence de l&rsquo;enfant (temps d\u2019\u00e9change avec les parents inclus) sont dues. Ainsi que les indemnit\u00e9s diverses, y compris si le parent employeur reste pr\u00e9sent lors de l&rsquo;accueil de l&rsquo;enfant.<\/p>\n\n\n\n<ul class=\"wp-block-list\">\n<li><strong><\/strong><strong><u>Le cahier de liaison<\/u><\/strong><\/li>\n<\/ul>\n\n\n\n<p>Je tiens un carnet de liaison par enfant. C\u2019est un espace d\u2019\u00e9change important entre les parents et la personne qui garde leur enfant.C\u2019est un outil d\u2019organisation et de communication qui le suit chez ses parents et chez son assistante maternelle. Les \u00e9changes entre parents et nounou sont simplifi\u00e9s. Ils peuvent suivre son quotidien, m\u00eame lorsqu\u2019ils ne sont pas avec lui. Les parents et l\u2019ass mat sont rassur\u00e9s d\u2019avoir toutes les informations importantes de la journ\u00e9e concernant l\u2019enfant.<\/p>\n\n\n\n<p>&#8211;&nbsp;Il est donn\u00e9 chaque soir aux parents et ramen\u00e9 chaque matin \u00e0 l\u2019assistante maternelle.<\/p>\n\n\n\n<p>&#8211;&nbsp;Retranscription des \u00e9l\u00e9ments de la journ\u00e9e&nbsp;: sommeil, change, repas, sant\u00e9, \u00e9veil \u2026<\/p>\n\n\n\n<p>&#8211;&nbsp;&nbsp;Chaque fin de mois&nbsp;: d\u00e9tail du salaire.<\/p>\n\n\n\n<p>&#8211; On y glisse les dessins, les anecdotes, les infos \u2026<\/p>\n\n\n\n<p>&#8211;&nbsp;Les parents notent \u00e9galement les informations importantes pour l\u2019ass. mat (sant\u00e9, sommeil, changement de planning ou questions diverses \u2026) mais sont libres aussi d\u2019\u00e9crire ce qu\u2019ils souhaitent (anecdotes, activit\u00e9s du weekend, \u00e9v\u00e8nement important \u2026).<\/p>\n\n\n\n<p>Ils arrivent que des parents ne lisent pas le cahier de liaison ou n&rsquo;en voient pas l&rsquo;int\u00e9r\u00eat. Dans ce cas, je n&rsquo;en tiens pas et les transmissions se font uniquement \u00e0 l&rsquo;oral.<\/p>\n\n\n\n<p>Je prends beaucoup de photos des enfants pour leur laisser un souvenir de leur passage chez nounou et pour que les parents puissent voir comment la journ\u00e9e se passe, les activit\u00e9s auxquelles ils ont particip\u00e9, \u00e0 quoi ils ont jou\u00e9 \u2026 Je les envoie aux parents g\u00e9n\u00e9ralement pendant mes vacances.  <\/p>\n\n\n\n<ul class=\"wp-block-list\">\n<li><strong><\/strong><strong><u>Le mat\u00e9riel \u00e0 fournir<\/u><\/strong><\/li>\n<\/ul>\n\n\n\n<p><strong>Je demande aux parents de me fournir&nbsp;:<\/strong><\/p>\n\n\n\n<p>&#8211;&nbsp;<strong>N\u00e9cessaire de soin<\/strong> (pommade protectrice pour le si\u00e8ge, s\u00e9rum physiologique, doliprane en sirop ou suppositoires avec ordonnance du m\u00e9decin, protection solaire, hom\u00e9opathie pour la pouss\u00e9 dentaire \u2026)&nbsp;: \u00e0 adapter en fonction de la sant\u00e9, de la saison et de l\u2019\u00e2ge de l\u2019enfant.<\/p>\n\n\n\n<p>&#8211;&nbsp;<strong>V\u00eatements de rechange<\/strong>&nbsp;: je demande une tenue compl\u00e8te (body, pantalon, tee-shirt, chaussettes) adapt\u00e9e \u00e0 l&rsquo;\u00e2ge de l\u2019enfant et \u00e0 la saison. Pour les beaux jours, une casquette + lunettes de soleil&nbsp;\u00e0 laisser dans le sac.<\/p>\n\n\n\n<p>&#8211;&nbsp;Biberon, une boite de lait infantile ou lait maternel, un pack d\u2019eau min\u00e9rale.<\/p>\n\n\n\n<p>&#8211; Paquet de couches, de lingettes \/ de coton \/ flacon d\u2019eau nettoyante.<\/p>\n\n\n\n<p>&#8211;&nbsp;Le doudou, la t\u00e9tine + une t\u00e9tine suppl\u00e9mentaire en cas de perte ! Possibilit\u00e9 de laisser un doudou chez nounou.<\/p>\n\n\n\n<p>&#8211;&nbsp;Une paire de chausson.<\/p>\n\n\n\n<p>&nbsp;Chaque enfant dispose d\u2019un bac o\u00f9 je range ses effets personnels. Lorsque le stock arrive \u00e0 \u00e9puisement, je le pr\u00e9cise et le note sur le cahier de liaison.<\/p>\n\n\n\n<p><em>Pour ce qui est du doliprane ou autres m\u00e9dicaments ainsi que les v\u00eatements de rechange, ils peuvent rester dans le sac mais doivent y \u00eatre toujours pr\u00e9sent en cas de besoin<\/em>.<\/p>\n\n\n\n<ul class=\"wp-block-list\">\n<li><strong><u>Les activit\u00e9s et les jeux<\/u><\/strong><\/li>\n<\/ul>\n\n\n\n<p>Les temps d\u2019\u00e9veil et de jeux occupent une place importante dans la journ\u00e9e chez nounou. Je m\u2019adapte \u00e0 l\u2019\u00e2ge et \u00e0 la personnalit\u00e9 de chaque enfant, je tiens compte de leurs envies et de leurs possibilit\u00e9s afin de leur proposer des activit\u00e9s et des jeux adapt\u00e9s. J\u2019aime leur lire des histoires, leur chanter des comptines tout en signant, leur installer des parcours de motricit\u00e9 (dedans ou dehors), leur pr\u00e9senter et les accompagner dans des jeux de concentration et de motricit\u00e9 fine mais aussi leur permettre d\u2019exprimer leur cr\u00e9ativit\u00e9 par le dessin\/la peinture\/tableau \u00e0 craie, p\u00e2te \u00e0 modeler, les gommettes, le collage et le d\u00e9coupage. Il est agr\u00e9able de sortir les bacs pour jouer avec les jeux de construction comme les kapplas, les l\u00e9gos ou Monsieur Patate. Ils aiment s\u2019installer au sol pour s\u2019amuser avec les animaux de la ferme ou le petit circuit de voiture. Ils adorent \u00e9galement \u00e9voluer dans la petite maison o\u00f9 il pourront faire comme les grands (cuisine, dinette, poup\u00e9e, docteur, marchande \u2026). Ils ont \u00e0 leur disposition des d\u00e9guisements et tout sorte de jouets (playmobils, barbies &#8230;). Nous appr\u00e9cions de sortir tous ensemble prendre l&rsquo;air, de se balader dans le village, d&rsquo;aller voir les animaux, d&rsquo;aller au parc de jeux, au RAM &#8230;<\/p>\n\n\n\n<p>L\u2019espace de jeux permet aux enfants d\u2019\u00e9voluer dans un lieu en toute s\u00e9curit\u00e9 et en toute autonomie et ainsi de profiter librement des divers coins : coin b\u00e9b\u00e9, coin lecture, coin activit\u00e9 cr\u00e9ative, coin imitation \u2026 R\u00e9guli\u00e8rement, je fais des modifications, en observant la mani\u00e8re dont les enfants utilisent et \u00e9voluent dans les diff\u00e9rents coins jeux. Je leur propose des&nbsp;jeux vari\u00e9s et adapt\u00e9s \u00e0 leurs besoins, des activit\u00e9s dans lesquelles ils pourront s\u2019amuser, s\u2019\u00e9panouir, progresser librement, s&rsquo;\u00e9veiller \u00e0 leur rythme, sous un regard bienveillant. Je dispose d\u2019une base de mat\u00e9riel vari\u00e9 qui puisse r\u00e9pondre \u00e0 l\u2019ensemble des besoins des enfants de tout \u00e2ge&nbsp;: jouets d\u2019\u00e9veil sensoriel, de motricit\u00e9, de manipulation, d\u2019imitation, de construction, de fabrication \u2026<\/p>\n\n\n\n<p>En ce qui concerne les activit\u00e9s manuelles et cr\u00e9atives, le plus important, c\u2019est que les enfants s\u2019amusent et prennent du plaisir sinon c\u2019est une activit\u00e9 qui perd son sens. Le but est de favoriser l\u2019\u00e9panouissement, sans \u00ab\u00a0attentes de r\u00e9sultats\u00a0\u00bb et que l\u2019enfant y participe avec envie. Avant 3 ans, les enfants n\u2019ont pas encore la capacit\u00e9 motrice et celle de rester concentr\u00e9s tr\u00e8s longtemps et la lassitude s\u2019installe vite. C\u2019est pourquoi je n\u2019impose rien \u00e0 l\u2019enfant et je ne r\u00e9ponds pas aux \u00ab\u00a0demandes de productions\u00a0\u00bb \u00e0 montrer aux parents ! De plus, Il n\u2019y a aucun int\u00e9r\u00eat de faire \u00e0 la place de l\u2019enfant si celui-ci n&rsquo;en est pas capable. C&rsquo;est pourquoi je laisse toujours l&rsquo;enfant faire lui-m\u00eame mais tout en \u00e9tant pr\u00e9sente, en l&rsquo;accompagnant et en l&rsquo;aidant si besoin. Les parents ne doivent pas s\u2019attendre \u00e0 voir leur enfant repartir de chez nounou avec un dessin ou une peinture chaque soir.<\/p>\n\n\n\n<ul class=\"wp-block-list\">\n<li><strong><\/strong><strong><u>L\u2019acquisition de la propret\u00e9<\/u><\/strong><\/li>\n<\/ul>\n\n\n\n<p>Pr\u00e9cisons que la propret\u00e9 n\u2019est pas un apprentissage mais une acquisition, qui se fait pour la plupart des petits, tr\u00e8s naturellement entre 2 ans et demi \u2013 3 ans. C\u2019est en fait l\u2019acquisition du contr\u00f4le des sphincters, qui sont les muscles qui permettent d\u2019ouvrir et fermer la vessie et l\u2019anus. Cette acquisition psychomotrice, comme les autres acquisitions motrices du jeune enfant, d\u00e9pend essentiellement de la maturation neurologique. C\u2019est un processus spontan\u00e9 et naturel. L\u2019enfant doit \u00eatre pr\u00eat dans son corps et sa t\u00eate et l\u2019apprentissage ne doit pas \u00eatre forc\u00e9. Lorsque c\u2019est l\u2019adulte qui propose \u00e0 l\u2019enfant d\u2019aller sur le pot \u00e0 heures fixes, l\u2019adulte fait le travail \u00e0 la place de l\u2019enfant. Il risque alors de l\u2019emp\u00eacher de rep\u00e9rer lui-m\u00eame ses propres sensations.&nbsp;Une initiation trop pr\u00e9coce peut occasionner un apprentissage difficile. Cette acquisition est variable d\u2019un enfant \u00e0 l\u2019autre et doit donc se faire avec souplesse.<\/p>\n\n\n\n<p>La mise en place de la propret\u00e9 se fera \u00e0 l&rsquo;initiative du parent. En accord avec celui-ci, je poursuivrai cet \u00ab&nbsp;apprentissage&nbsp;\u00bb mais uniquement si l\u2019enfant est pr\u00eat et en ressent le besoin.<\/p>\n\n\n\n<ul class=\"wp-block-list\">\n<li><strong><\/strong><strong><u>Les siestes chez nounou&nbsp;<\/u><\/strong><\/li>\n<\/ul>\n\n\n\n<p>Je suis \u00e0 l\u2019\u00e9coute des parents et le bien-\u00eatre de leur enfant est important pour moi. Je leur demande de m\u2019expliquer comment se passe le coucher de leur petit \u00e0 la maison, ce qu\u2019ils font avant, ce qu\u2019il aime, ce qui l\u2019apaise\u2026 je ne pourrai malheureusement pas reproduire ces rituels \u00e0 l\u2019identique (impossible de consacrer une demi-heure au couchage de chaque enfant et des laisser les autres seuls pendant ce temps) mais je me familiariserai avec ses habitudes. Cela me permettra d\u2019\u00e9tablir une routine afin qu\u2019il se sente en confiance et qu\u2019il se couche serein et calme. Je prends soin de respecter le rythme de chaque enfant car le sommeil varie en fonction de l\u2019\u00e2ge. Je couche l\u2019enfant tous les jours \u00e0 la m\u00eame heure et toujours dans la m\u00eame chambre pour qu\u2019il retrouve ses rep\u00e8res chez nounou. Pour une meilleure qualit\u00e9 de sommeil, je couche un enfant par chambre. Il y retrouve son lit et ses objets personnel (son doudou, sa gigoteuse, la veilleuse musicale \u2026). Je prends soin de l\u2019accompagner avec calme et tendresse.<\/p>\n\n\n\n<p>La sieste est importante pour \u00eatre en bonne sant\u00e9. Gr\u00e2ce aux siestes, les enfants retiennent mieux ce qu\u2019ils apprennent, sont de meilleure humeur, sont plus attentifs et r\u00e9gulent mieux leurs \u00e9motions. Ils font aussi moins de crises et d\u2019anxi\u00e9t\u00e9. Il ne faut donc pas les priver de ce temps de sommeil sinon ils seront grognons et excit\u00e9s en fin de journ\u00e9e car ils seront tr\u00e8s fatigu\u00e9s par une journ\u00e9e compl\u00e8te sans repos. Il est important \u00e9galement de ne pas couper la sieste d\u2019apr\u00e8s-midi trop vite.&nbsp;En effet, le manque de sommeil peut entra\u00eener un mauvais r\u00e9veil et donc une mauvaise humeur pour le reste de la journ\u00e9e et une agitation qui nuit \u00e0 l\u2019endormissement du soir.<\/p>\n","protected":false},"excerpt":{"rendered":"<p>C\u2019est souvent au \u00ab&nbsp;feeling&nbsp;\u00bb que les choses se passent ! Si tout s\u2019est bien pass\u00e9&nbsp;entre nous dans les premiers \u00e9changes (t\u00e9l\u00e9phone\/mail\/sms) et si ce que &hellip; <\/p>\n","protected":false},"author":1,"featured_media":0,"parent":0,"menu_order":0,"comment_status":"closed","ping_status":"closed","template":"","meta":{"footnotes":""},"class_list":["post-115","page","type-page","status-publish","hentry","latest_post"],"_links":{"self":[{"href":"https:\/\/www.lamaisondelilie.fr\/index.php\/wp-json\/wp\/v2\/pages\/115","targetHints":{"allow":["GET"]}}],"collection":[{"href":"https:\/\/www.lamaisondelilie.fr\/index.php\/wp-json\/wp\/v2\/pages"}],"about":[{"href":"https:\/\/www.lamaisondelilie.fr\/index.php\/wp-json\/wp\/v2\/types\/page"}],"author":[{"embeddable":true,"href":"https:\/\/www.lamaisondelilie.fr\/index.php\/wp-json\/wp\/v2\/users\/1"}],"replies":[{"embeddable":true,"href":"https:\/\/www.lamaisondelilie.fr\/index.php\/wp-json\/wp\/v2\/comments?post=115"}],"version-history":[{"count":9,"href":"https:\/\/www.lamaisondelilie.fr\/index.php\/wp-json\/wp\/v2\/pages\/115\/revisions"}],"predecessor-version":[{"id":151,"href":"https:\/\/www.lamaisondelilie.fr\/index.php\/wp-json\/wp\/v2\/pages\/115\/revisions\/151"}],"wp:attachment":[{"href":"https:\/\/www.lamaisondelilie.fr\/index.php\/wp-json\/wp\/v2\/media?parent=115"}],"curies":[{"name":"wp","href":"https:\/\/api.w.org\/{rel}","templated":true}]}}